*q, 6*r - i*q - 134 = r. What is the tens digit of r?
2
Let x be (-66)/15*(1 - 6). Suppose -4*l + x = -3*l. Let r = l - 11. What is the tens digit of r?
1
Let m = -7 - -16. Let p = 21 - m. What is the units digit of p?
2
Suppose b = 3*o - 3, -2*o = -o - 2. Let y be ((-16)/(-12))/(1/b). Suppose l + 19 = y*u, 0*l - 8 = -5*u - 4*l. What is the units digit of u?
4
Let r(g) be the first derivative of g**4/4 - g**3 + g**2/2 + g - 2. Let l be r(2). What is the units digit of (l/2 - -1)*20?
0
Suppose -k + 4*k + 15 = 0. Let r = k - -3. What is the units digit of 4 + 2 + 0 + r?
4
Let v be (-2)/2 - -84 - -1. Let f be (-4)/10 - v/(-10). What is the units digit of -8 + f - (0 - 15)?
5
Let l(m) = m**3 - m**2 + m - 1. Let x(b) = -3*b**3 + 13*b**2 + 9*b + 15. Let g(k) = 2*l(k) + x(k). What is the units digit of g(12)?
1
Let w be 10/3 + 1/(-3). Suppose -5*b - 42 = -10*b + w*h, -4*b + h + 28 = 0. What is the units digit of b?
6
Let b(o) = -o - 7. What is the units digit of b(-14)?
7
Let s(y) = 3*y**2 - 4*y + 3. Suppose 3*k + 5*d + 20 = 0, 3*d = 4*k + 2*d - 4. Suppose -3*w + 8 - 2 = k. What is the units digit of s(w)?
7
Let c = -2 + 4. Suppose 2*i - 42 = -4*x + 2*x, x = -c*i + 20. What is the tens digit of x?
2
What is the hundreds digit of (-9)/12 - (-33)/(-12)*-65?
1
Let f(r) = -r**3 + 7*r**2 + 7*r + 3. What is the units digit of f(7)?
2
Suppose -5*b - 264 = -3*m + 245, 5*m + 2*b - 807 = 0. What is the hundreds digit of m?
1
Let r = -17 - -28. Let g = r + 6. What is the units digit of g?
7
Let j be 1 - (-3 - 0 - -1). Let w(v) = -v**2 + v + 3. Let c be w(j). Let d(g) = g**3 + 4*g**2 + g - 1. What is the units digit of d(c)?
5
Suppose 3*u + 3*n - 8 = 1, 4*u = 3*n + 12. Suppose -2*b - u = b. What is the units digit of -3 - -1 - (b - 10)?
9
Suppose -2*k = k + 21. Let z = -3 - k. Suppose 3*u - 8 + 1 = -4*o, -z*o = -u - 3. What is the units digit of u?
1
Let r(t) = t**3 - 3*t**2 - 8*t + 5. What is the units digit of r(5)?
5
Suppose -2 = -0*z - z. What is the units digit of z?
2
Let w(i) = i**2 - i + 3. Let b be w(0). Suppose -2*r + 20 = b*r. What is the units digit of r?
4
Let s(r) = -r**2 - 6*r - 2. Let u be s(-5). What is the units digit of 27/(-2)*(-2)/u?
9
Suppose -5*c - 15 = -2*c. Let u(m) = m**3 + 5*m**2 + 2*m + 6. Let o be u(c). What is the tens digit of (-28)/(-3)*(-6)/o?
1
Suppose 33 = 2*a + 2*b - 7, -2*b + 10 = 0. What is the units digit of a?
5
Let h be (12/(-10))/((-3)/50). Let z = -30 - -17. Let m = h + z. What is the units digit of m?
7
Let q(u) = 3*u - 6. Let m be q(-3). Let b = 33 - m. What is the units digit of b?
8
Suppose -r - f - 51 = 2*r, -r - 13 = -f. What is the units digit of (-4)/r + 182/8?
3
Let x(l) = -l**2 + 8*l. Let c be (-3 - -2)/(3/33). Let a = c - -18. What is the units digit of x(a)?
7
Let n(s) = 48*s - 36. What is the tens digit of n(3)?
0
Suppose -3*y - 3*m = -20 - 10, 0 = -5*y + 2*m + 57. What is the tens digit of y?
1
Suppose 3*l + 6 = -4*y - 3, -y = 3*l. Let c be 5 - (3 + 0/l). Suppose -2*i = 3*r - 18, c*r - 12 = -5*i + i. What is the units digit of r?
6
Let p = -10 - -21. Let o = 20 + p. What is the units digit of o?
1
Suppose 0 = -2*k + 5*m + 348, 2*m + 853 = 5*k - 2*m. What is the units digit of k?
9
Let k(q) = -8*q. Let x be 1*(-2)/4*2. Let g be ((x - 1) + 1)/1. What is the units digit of k(g)?
8
Suppose 0 = -j + c - 12 + 136, -2*c + 377 = 3*j. What is the tens digit of j?
2
Let l be 29/5 - 2/(-10). Let q = l - 2. Let o = q + -2. What is the units digit of o?
2
Suppose -k + 2 + 0 = 0. Let l(z) = z. Let q be l(k). Suppose -19 = -q*p + p. What is the tens digit of p?
1
Let y(t) = 3*t**2 - t. Let x be y(1). Suppose -4*w + 30 = -o, w = -x*o - 1 + 4. What is the units digit of w?
7
Let i(h) = h**3 + 7*h**2 + 8*h - 3. Let t be i(-6). Let a = t - -30. What is the units digit of a?
5
Let g be (-50)/6 - 2/3. Let z be (g/15 - -1)*35. Let y = z - 9. What is the units digit of y?
5
Suppose 2*m = -6, -4*m + 0 = q + 7. Let b(i) = i + i + q - 3*i - 2. What is the units digit of b(-3)?
6
Suppose -4*a + 6 = -a. Let z = a - -10. Suppose -5*o - z + 117 = 0. What is the units digit of o?
1
Suppose -3*g - 19 = -280. What is the tens digit of g?
8
Suppose 0 = -3*q + k, q = -2*k - 1 - 6. Let d = q - -4. Suppose -4*c + 5 = d*i, -2*c + 3*c = -i + 3. What is the units digit of i?
7
Suppose 2*y + 4*s - 24 = 0, 2*s + s - 15 = 0. Suppose 2*a = -y*a + 20. What is the units digit of a?
5
Suppose 0 = -5*p + 5*s + 120, 3*p + 2*s - 25 - 22 = 0. Let w = -16 + p. What is the units digit of w?
3
What is the units digit of (-1)/(-7) + 940/35?
7
Let z(o) = -o**2 - 7*o - 2. Suppose 14 = -t - 4*q + q, 0 = t + 4*q + 17. What is the units digit of z(t)?
8
Suppose 8 = -i + 4*r, 4*r - 3 - 5 = 2*i. Suppose 0 = q + g - 1, 0 = 3*g + 3 - i. What is the units digit of q?
2
Let x = -111 - -120. What is the units digit of x?
9
Let d be (10/(-4))/(1/(-60)). Suppose -d = -b + 6*b. Let a = -19 - b. What is the tens digit of a?
1
Suppose 9*v = 11*v - 56. What is the units digit of v?
8
Let i = 84 + -49. Let c be (0 + -8)/((-7)/i). Suppose 0*n = 4*n - c. What is the tens digit of n?
1
Let d(w) = -w. Let t be d(7). Let x = 0 - -1. What is the units digit of 1 + (0 - x)*t?
8
Let o = 53 + -22. What is the units digit of o?
1
Suppose y = 51 + 108. What is the hundreds digit of y?
1
Suppose 127 = -5*s + 12. Let x = 47 + s. What is the units digit of x?
4
Suppose 4*r - r = 30. What is the units digit of r?
0
Suppose m - 1 = 5. What is the units digit of m?
6
Suppose 0 = -b - 3*r - 12, -5 = -3*b - r - 1. Suppose -3*g - 3*h = 18, -g + b*h + 10 = -0*h. What is the units digit of g/(-6) - (-46)/6?
8
Let b = 66 - 40. What is the tens digit of b?
2
Let k(p) = p**2 - 13*p + 2. Let u be k(13). What is the units digit of (u/(-3))/(18/(-297))?
1
Suppose 2*k - k - 2 = 0. Let t = 9 + k. What is the units digit of t?
1
Suppose -3*b - 3*r + 63 = 0, -6*r + 4 = -4*r. What is the units digit of b?
9
Suppose -3*i = -x - 141, 2*x - 51 = -2*i + 43. What is the units digit of i?
7
Suppose 2*j - 3 = 7*j - 2*p, 16 = 4*j + 3*p. What is the units digit of (1 - -3)*(j + 1)?
8
Let k be (-1)/(-5) + 2/(-10). Let w = 6 + k. What is the units digit of w?
6
Suppose 0 = -3*q + i - 54, -3*q = -3*i + 3 + 51. Suppose -b = -2*d + 33, d - 2*d = b + 30. Let w = q - b. What is the tens digit of w?
1
Let h be 1/(15/6)*-110. What is the units digit of (-2)/11 + (-272)/h?
6
Suppose -b - 7 = 3*u + 3, -4*b - 3*u - 4 = 0. Suppose -52 = -4*c + 5*x, c - 8 = -c - b*x. What is the units digit of c?
8
Suppose -4 = -4*h + 3*h - 4*v, 0 = -3*v + 6. What is the units digit of (-3 + h)/(2/(-2))?
7
Let z(q) = -q + 1. Suppose y = 2*l, 3*y + 9 = 2*l - 7. Let f = -11 - y. What is the units digit of z(f)?
4
Let n(c) = 0*c - c**2 + 1 + 4*c - 23*c**3 - 3*c. What is the tens digit of n(-1)?
2
Let m(h) = h**2 + h - 30. Let q be m(0). Let l = q - -44. What is the units digit of l?
4
What is the tens digit of (4 + (-65)/15)*-1119 + 2?
7
Let m be (10/8)/(1/(-4)). Let l(n) = -11*n - 4 + 15*n + 7 + n**2. What is the units digit of l(m)?
8
Suppose -2*r = 2*t + 32 - 168, -272 = -4*r + t. What is the units digit of r?
8
Let p(b) = 117*b - 12. What is the hundreds digit of p(2)?
2
Suppose -v - 15 = -4*v. Let q = 38 - 34. Let a = q + v. What is the units digit of a?
9
Let n be (-4)/(-14) + 24/14. Suppose -3*m = n*m. Suppose m*v - 3*v = -12. What is the units digit of v?
4
What is the units digit of 16/6*(-12)/(-16)?
2
Suppose 3 = -4*p + 3*u + 36, 0 = 5*p - 2*u - 43. Let x be 2 + (-3)/p*-3. What is the units digit of (1 + 6)*(x + -2)?
7
Let w be 38/6 - (-6)/9. Suppose 2*n - 6 = 0, -2*z + 3*n + 2 = w. Let k = -1 + z. What is the units digit of k?
1
Let m = 52 - 6. What is the units digit of m?
6
Let f = 23 + -11. What is the tens digit of f?
1
What is the tens digit of -5 + 124 + (-1 - 3)?
1
Let x = -24 + 9. What is the units digit of (x/6)/((-6)/12)?
5
Suppose -m + 3*n = -18, 4*n - 60 = -4*m + 12. What is the tens digit of m?
1
Let s(x) = -x**2 + 14*x - 6. What is the tens digit of s(11)?
2
Let d(r) be the second derivative of r**3/3 - r**2/2 + 3*r. Let f be -1*2/(-6)*3. What is the units digit of d(f)?
1
Suppose 0 = -2*i + 4*d - 18, 5*i + 5*d + 17 + 13 = 0. Let a = -6 - i. What is the units digit of a?
1
Suppose 0 = -2*i + 2, -2*g - 3*i + 3 = -0. Suppose 